{"id":39,"date":"2017-01-05T16:13:25","date_gmt":"2017-01-05T18:13:25","guid":{"rendered":"http:\/\/insightpsicologia.com.br\/novo\/?page_id=39"},"modified":"2023-02-01T14:26:49","modified_gmt":"2023-02-01T17:26:49","slug":"quem-somos","status":"publish","type":"page","link":"http:\/\/insightpsicologia.com.br\/novo\/quem-somos\/","title":{"rendered":"Quem Somos"},"content":{"rendered":"<h2><strong>Nossa Hist\u00f3ria<\/strong><\/h2>\n<p>A Insight Psicologia \u00e9 uma empresa que atua h\u00e1 anos no mercado atrav\u00e9s da representa\u00e7\u00e3o de editoras de livros e testes psicol\u00f3gicos, promovendo atividades que incluem cursos e oficinas para alunos e profissionais das \u00e1reas de Psicologia, Pedagogia, Psicopedagogia, Neuropsicologia e Fonoaudiologia, al\u00e9m de oferecer servi\u00e7os de consultoria e avalia\u00e7\u00f5es psicol\u00f3gicas para institui\u00e7\u00f5es.<\/p>\n<p>Investindo no trabalho de aprimoramento e desenvolvimento de profissionais atrav\u00e9s de seus produtos, a Insight busca a pontualidade e excel\u00eancia nos servi\u00e7os oferecidos com o objetivo de promover, para os seus clientes, a educa\u00e7\u00e3o continuada e compartilhada.<\/p>\n<p>O resultado tem sido um trabalho \u00e9tico em conson\u00e2ncia com os produtos dispon\u00edveis no mercado, sempre dotado de responsabilidade e comprometimento, disponibilizando para cada profissional um ambiente, sobretudo, acolhedor.<\/p>\n<h2><strong>Miss\u00e3o<\/strong><\/h2>\n<p>Contribuir para o desenvolvimento de pessoas atrav\u00e9s da educa\u00e7\u00e3o e solu\u00e7\u00f5es em Psicologia.<\/p>\n<h2><strong>Vis\u00e3o<\/strong><\/h2>\n<p>Tornar-se um modelo de refer\u00eancia atrav\u00e9s de solu\u00e7\u00f5es para os nossos clientes, visando alcan\u00e7ar nosso pleno potencial e compromisso.<\/p>\n","protected":false},"excerpt":{"rendered":"<p>Nossa Hist\u00f3ria A Insight Psicologia \u00e9 uma empresa que atua h\u00e1 anos no mercado atrav\u00e9s da representa\u00e7\u00e3o de editoras de livros e testes psicol\u00f3gicos, promovendo atividades que incluem cursos e oficinas para alunos e profissionais das \u00e1reas de Psicologia, Pedagogia, Psicopedagogia, Neuropsicologia e Fonoaudiologia, al\u00e9m de oferecer servi\u00e7os de consultoria e avalia\u00e7\u00f5es psicol\u00f3gicas para institui\u00e7\u00f5es. [&hellip;]<\/p>\n","protected":false},"author":2,"featured_media":7885,"parent":0,"menu_order":0,"comment_status":"closed","ping_status":"closed","template":"","meta":{"_acf_changed":false,"_exactmetrics_skip_tracking":false,"_exactmetrics_sitenote_active":false,"_exactmetrics_sitenote_note":"","_exactmetrics_sitenote_category":0,"footnotes":""},"class_list":["post-39","page","type-page","status-publish","has-post-thumbnail","hentry"],"acf":[],"_links":{"self":[{"href":"http:\/\/insightpsicologia.com.br\/novo\/wp-json\/wp\/v2\/pages\/39","targetHints":{"allow":["GET"]}}],"collection":[{"href":"http:\/\/insightpsicologia.com.br\/novo\/wp-json\/wp\/v2\/pages"}],"about":[{"href":"http:\/\/insightpsicologia.com.br\/novo\/wp-json\/wp\/v2\/types\/page"}],"author":[{"embeddable":true,"href":"http:\/\/insightpsicologia.com.br\/novo\/wp-json\/wp\/v2\/users\/2"}],"replies":[{"embeddable":true,"href":"http:\/\/insightpsicologia.com.br\/novo\/wp-json\/wp\/v2\/comments?post=39"}],"version-history":[{"count":19,"href":"http:\/\/insightpsicologia.com.br\/novo\/wp-json\/wp\/v2\/pages\/39\/revisions"}],"predecessor-version":[{"id":7898,"href":"http:\/\/insightpsicologia.com.br\/novo\/wp-json\/wp\/v2\/pages\/39\/revisions\/7898"}],"wp:featuredmedia":[{"embeddable":true,"href":"http:\/\/insightpsicologia.com.br\/novo\/wp-json\/wp\/v2\/media\/7885"}],"wp:attachment":[{"href":"http:\/\/insightpsicologia.com.br\/novo\/wp-json\/wp\/v2\/media?parent=39"}],"curies":[{"name":"wp","href":"https:\/\/api.w.org\/{rel}","templated":true}]}}