{"id":7584,"date":"2022-08-31T11:55:58","date_gmt":"2022-08-31T14:55:58","guid":{"rendered":"http:\/\/insightpsicologia.com.br\/novo\/?post_type=curso&#038;p=7584"},"modified":"2025-02-04T13:37:24","modified_gmt":"2025-02-04T16:37:24","slug":"ead-violencia-interpessoal-no-contexto-domestico-e-familiar","status":"publish","type":"curso","link":"http:\/\/insightpsicologia.com.br\/novo\/cursos\/ead-violencia-interpessoal-no-contexto-domestico-e-familiar\/","title":{"rendered":"EAD &#8211; Viol\u00eancia interpessoal no contexto dom\u00e9stico e familiar"},"content":{"rendered":"<h2><strong>Objetivo<\/strong><\/h2>\n<p>Apresentar subs\u00eddios te\u00f3ricos e pr\u00e1ticos para identifica\u00e7\u00e3o, acolhimento, notifica\u00e7\u00e3o e encaminhamentos de casos de viol\u00eancia dom\u00e9stica e&nbsp;familiar, envolvendo crian\u00e7as, adolescentes, popula\u00e7\u00e3o LGBT e idosos.<\/p>\n<h2><strong>P\u00fablico alvo<\/strong><\/h2>\n<p>Profissionais e estudantes da sa\u00fade, assist\u00eancia social, seguran\u00e7a, justi\u00e7a e educa\u00e7\u00e3o.<\/p>\n<h2><strong>Programa do Curso<\/strong><\/h2>\n<p>O curso \u00e9 dividido em quatro m\u00f3dulos:<\/p>\n<ul>\n<li>\n<h3>M\u00f3dulo I &#8211; Viol\u00eancia contra crian\u00e7as e adolescentes<\/h3>\n<\/li>\n<li>\n<h3>M\u00f3dulo II &#8211; Viol\u00eancia contra mulher por parceiro \u00edntimo<\/h3>\n<\/li>\n<li>\n<h3>M\u00f3dulo III &#8211; Viol\u00eanciacontrapopula\u00e7\u00e3oLGBT<\/h3>\n<\/li>\n<li>\n<h3>M\u00f3dulo IV &#8211; Viol\u00eancia contra idosos<\/h3>\n<\/li>\n<\/ul>\n<p>Em cada um dos m\u00f3dulos ser\u00e3o abordados os seguintes t\u00f3picos:<\/p>\n<ul>\n<li>Identifica\u00e7\u00e3o dos casos<\/li>\n<li>Acolhimento<\/li>\n<li>Notifica\u00e7\u00e3o<\/li>\n<li>Encaminhamentos<\/li>\n<\/ul>\n<p>&nbsp;<\/p>\n<h2><strong>Carga Hor\u00e1ria<\/strong><\/h2>\n<p>16 horas*<br \/>\n<strong>*Horas calculadas a partir do n\u00famero de atividades de cada curso. Essas atividades podem incluir a leitura de artigos, slides ou textos de apoio e a realiza\u00e7\u00e3o de exerc\u00edcios, incluindo v\u00eddeos.<\/strong><\/p>\n<p>&nbsp;<\/p>\n<h2><strong>Ministrantes<\/strong><\/h2>\n<p><strong>Ma. J\u00falia Carvalho Zamora (CRP07\/26709)<\/strong><\/p>\n<p>Doutoranda em Psicologia, com \u00eanfase em Psicologia Cl\u00ednica, pela Pontif\u00edcia Universidade Cat\u00f3lica do Rio Grande do Sul (PUCRS). Possui mestrado e gradua\u00e7\u00e3o em Psicologia pela mesma institui\u00e7\u00e3o. Est\u00e1 vinculada ao Grupo de Pesquisa Viol\u00eancia, Vulnerabilidade e Interven\u00e7\u00f5es Cl\u00ednicas (GPeVVIC) do Programa de P\u00f3s-Gradua\u00e7\u00e3o em Psicologia da PUCRS. \u00c9 membro do Comit\u00ea Interinstitucional de Enfrentamento \u00e0 Viol\u00eancia contra a Mulher do Estado do Rio Grande do Sul. Especialista em Terapias Comportamentais Contextuais no Centro de Estudos da Fam\u00edlia e do Indiv\u00edduo (CEFI).Tamb\u00e9m atua como psic\u00f3loga cl\u00ednica em consult\u00f3rio com base na abordagem cognitivo-comportamental e como supervisora cl\u00ednica.<\/p>\n<p><strong>Dr. Jean Von Hohendorff<\/strong><\/p>\n<p>Professor do programa de p\u00f3s-gradua\u00e7\u00e3o em Psicologia da IMED Passo Fundo, onde coordena o grupo de pesquisa VIA-Redes (Viol\u00eancia, Inf\u00e2ncia, Adolesc\u00eancia e atua\u00e7\u00e3o das Redes de prote\u00e7\u00e3o e de atendimento). Editor-chefe da Revista de Psicologia da IMED e associado da Psicologia: Teoria e Pesquisa (UnB). \u00c9 psic\u00f3logo, mestre e doutor em Psicologia pela UFGRS com est\u00e1gio de p\u00f3s-doutorado na mesma institui\u00e7\u00e3o. Realizou est\u00e1gio doutoral na University of Alabama School of Social Work. Desenvolve atividades de pesquisa e extens\u00e3o com os seguintes temas: situa\u00e7\u00f5es de risco, viol\u00eancia contra crian\u00e7as e adolescentes e atua\u00e7\u00e3o das redes de prote\u00e7\u00e3o e de atendimento para crian\u00e7as e adolescentes. Autor de artigos, cap\u00edtulos e livros sobre viol\u00eancia contra crian\u00e7as e adolescentes, bem como professor de diversos cursos de capacita\u00e7\u00e3o para profissionais das redes de prote\u00e7\u00e3o e de atendimento.<\/p>\n<p>&nbsp;<\/p>\n<h3><strong>Dr<\/strong><strong>a. Priscila Lawrenz<\/strong><\/h3>\n<p>Possui gradua\u00e7\u00e3o em Psicologia pela Universidade do Vale do Rio dos Sinos-Unisinos (2009-2014). Atuou como bolsista de inicia\u00e7\u00e3o cient\u00edfica CNPq-Balc\u00e3o (2010-2012) e PIBIC-CNPq (2012-2014) no Grupo de Estudos Avan\u00e7ados em Psicologia da Sa\u00fade (Geapsa\/PPGPsicologia\/Unisinos). Realizou Mestrado (2015-2017) e Doutorado (2017-2021) como bolsista CNPq no Programa de P\u00f3s-Gradua\u00e7\u00e3o em Psicologia da Pontif\u00edcia Universidade Cat\u00f3lica do Rio Grande do Sul-PUCRS. Realizou est\u00e1gio de Doutorado Sandu\u00edche na Harvard T.H. Chan School of Public Health com bolsa CAPES (2020). \u00c9 vinculada ao Grupo de Pesquisa Viol\u00eancia, Vulnerabilidade e Interven\u00e7\u00f5es Cl\u00ednicas (GPeVVIC\/PPG Psicologia\/PUCRS). Realiza especializa\u00e7\u00e3o em Psicologia do Desenvolvimento e da Aprendizagem na PUCRS(2020-2022). Principais \u00e1reas de interesse: desenvolvimento humano; viol\u00eancia; maus-tratos contra as crian\u00e7as; estresse de minoria; orienta\u00e7\u00e3o sexual; g\u00eanero; implementa\u00e7\u00e3o e avalia\u00e7\u00e3o de interven\u00e7\u00f5es.<\/p>\n<h3><strong>Dr. Ludgleydson Fernandes de Ara\u00fajo<\/strong><\/h3>\n<p>Psic\u00f3logo, Doutor em Psicologia pela Universidade de Granada (Espanha) com per\u00edodo sandu\u00edche na Universit\u00e0di Bologna (It\u00e1lia), Mestre em Psicologia e Sa\u00fade pela Universidade de Granada (Espanha), Mestre em Psicologia Social e Especialista em Gerontologia pela UFPB. Professor do Programa de P\u00f3s-Gradua\u00e7\u00e3o em Psicologia da Universidade Federal do Delta do Parna\u00edba(UFDPar). Bolsista de Produtividade em Pesquisa (PQ-2) pelo CNPq.<\/p>\n<p>&nbsp;<\/p>\n<p>&nbsp;<\/p>\n<h2><strong>Acesso ao curso<\/strong><\/h2>\n<p>Mediante o uso de uma senha pessoal e intransfer\u00edvel, o aluno poder\u00e1 assistir \u00e0s aulas por meio de v\u00eddeo aulas onde e quando desejar. A aprendizagem \u00e9 complementada por meio de materiais did\u00e1ticos (artigos, slides ou textos de apoio). N\u00e3o h\u00e1 plant\u00e3o de d\u00favida e intera\u00e7\u00e3o com o professor.<\/p>\n<p><strong>**O primeiro acesso ao curso dever\u00e1 ser feito em at\u00e9 60 dias ap\u00f3s a compra. Ap\u00f3s o primeiro acesso, as aulas estar\u00e3o dispon\u00edveis por 90 dias.<\/strong><\/p>\n","protected":false},"featured_media":7925,"parent":0,"template":"","class_list":["post-7584","curso","type-curso","status-publish","has-post-thumbnail","hentry"],"acf":[],"_links":{"self":[{"href":"http:\/\/insightpsicologia.com.br\/novo\/wp-json\/wp\/v2\/cursos\/7584","targetHints":{"allow":["GET"]}}],"collection":[{"href":"http:\/\/insightpsicologia.com.br\/novo\/wp-json\/wp\/v2\/cursos"}],"about":[{"href":"http:\/\/insightpsicologia.com.br\/novo\/wp-json\/wp\/v2\/types\/curso"}],"wp:featuredmedia":[{"embeddable":true,"href":"http:\/\/insightpsicologia.com.br\/novo\/wp-json\/wp\/v2\/media\/7925"}],"wp:attachment":[{"href":"http:\/\/insightpsicologia.com.br\/novo\/wp-json\/wp\/v2\/media?parent=7584"}],"curies":[{"name":"wp","href":"https:\/\/api.w.org\/{rel}","templated":true}]}}

EAD &#8211; Violência interpessoal no contexto doméstico e familiar

<h2><strong>Objetivo</strong></h2>
<p>Apresentar subsídios teóricos e práticos para identificação, acolhimento, notificação e encaminhamentos de casos de violência doméstica e&nbsp;familiar, envolvendo crianças, adolescentes, população LGBT e idosos.</p>
<h2><strong>Público alvo</strong></h2>
<p>Profissionais e estudantes da saúde, assistência social, segurança, justiça e educação.</p>
<h2><strong>Programa do Curso</strong></h2>
<p>O curso é dividido em quatro módulos:</p>
<ul>
<li>
<h3>Módulo I &#8211; Violência contra crianças e adolescentes</h3>
</li>
<li>
<h3>Módulo II &#8211; Violência contra mulher por parceiro íntimo</h3>
</li>
<li>
<h3>Módulo III &#8211; ViolênciacontrapopulaçãoLGBT</h3>
</li>
<li>
<h3>Módulo IV &#8211; Violência contra idosos</h3>
</li>
</ul>
<p>Em cada um dos módulos serão abordados os seguintes tópicos:</p>
<ul>
<li>Identificação dos casos</li>
<li>Acolhimento</li>
<li>Notificação</li>
<li>Encaminhamentos</li>
</ul>
<p>&nbsp;</p>
<h2><strong>Carga Horária</strong></h2>
<p>16 horas*<br />
<strong>*Horas calculadas a partir do número de atividades de cada curso. Essas atividades podem incluir a leitura de artigos, slides ou textos de apoio e a realização de exercícios, incluindo vídeos.</strong></p>
<p>&nbsp;</p>
<h2><strong>Ministrantes</strong></h2>
<p><strong>Ma. Júlia Carvalho Zamora (CRP07/26709)</strong></p>
<p>Doutoranda em Psicologia, com ênfase em Psicologia Clínica, pela Pontifícia Universidade Católica do Rio Grande do Sul (PUCRS). Possui mestrado e graduação em Psicologia pela mesma instituição. Está vinculada ao Grupo de Pesquisa Violência, Vulnerabilidade e Intervenções Clínicas (GPeVVIC) do Programa de Pós-Graduação em Psicologia da PUCRS. É membro do Comitê Interinstitucional de Enfrentamento à Violência contra a Mulher do Estado do Rio Grande do Sul. Especialista em Terapias Comportamentais Contextuais no Centro de Estudos da Família e do Indivíduo (CEFI).Também atua como psicóloga clínica em consultório com base na abordagem cognitivo-comportamental e como supervisora clínica.</p>
<p><strong>Dr. Jean Von Hohendorff</strong></p>
<p>Professor do programa de pós-graduação em Psicologia da IMED Passo Fundo, onde coordena o grupo de pesquisa VIA-Redes (Violência, Infância, Adolescência e atuação das Redes de proteção e de atendimento). Editor-chefe da Revista de Psicologia da IMED e associado da Psicologia: Teoria e Pesquisa (UnB). É psicólogo, mestre e doutor em Psicologia pela UFGRS com estágio de pós-doutorado na mesma instituição. Realizou estágio doutoral na University of Alabama School of Social Work. Desenvolve atividades de pesquisa e extensão com os seguintes temas: situações de risco, violência contra crianças e adolescentes e atuação das redes de proteção e de atendimento para crianças e adolescentes. Autor de artigos, capítulos e livros sobre violência contra crianças e adolescentes, bem como professor de diversos cursos de capacitação para profissionais das redes de proteção e de atendimento.</p>
<p>&nbsp;</p>
<h3><strong>Dr</strong><strong>a. Priscila Lawrenz</strong></h3>
<p>Possui graduação em Psicologia pela Universidade do Vale do Rio dos Sinos-Unisinos (2009-2014). Atuou como bolsista de iniciação científica CNPq-Balcão (2010-2012) e PIBIC-CNPq (2012-2014) no Grupo de Estudos Avançados em Psicologia da Saúde (Geapsa/PPGPsicologia/Unisinos). Realizou Mestrado (2015-2017) e Doutorado (2017-2021) como bolsista CNPq no Programa de Pós-Graduação em Psicologia da Pontifícia Universidade Católica do Rio Grande do Sul-PUCRS. Realizou estágio de Doutorado Sanduíche na Harvard T.H. Chan School of Public Health com bolsa CAPES (2020). É vinculada ao Grupo de Pesquisa Violência, Vulnerabilidade e Intervenções Clínicas (GPeVVIC/PPG Psicologia/PUCRS). Realiza especialização em Psicologia do Desenvolvimento e da Aprendizagem na PUCRS(2020-2022). Principais áreas de interesse: desenvolvimento humano; violência; maus-tratos contra as crianças; estresse de minoria; orientação sexual; gênero; implementação e avaliação de intervenções.</p>
<h3><strong>Dr. Ludgleydson Fernandes de Araújo</strong></h3>
<p>Psicólogo, Doutor em Psicologia pela Universidade de Granada (Espanha) com período sanduíche na Universitàdi Bologna (Itália), Mestre em Psicologia e Saúde pela Universidade de Granada (Espanha), Mestre em Psicologia Social e Especialista em Gerontologia pela UFPB. Professor do Programa de Pós-Graduação em Psicologia da Universidade Federal do Delta do Parnaíba(UFDPar). Bolsista de Produtividade em Pesquisa (PQ-2) pelo CNPq.</p>
<p>&nbsp;</p>
<p>&nbsp;</p>
<h2><strong>Acesso ao curso</strong></h2>
<p>Mediante o uso de uma senha pessoal e intransferível, o aluno poderá assistir às aulas por meio de vídeo aulas onde e quando desejar. A aprendizagem é complementada por meio de materiais didáticos (artigos, slides ou textos de apoio). Não há plantão de dúvida e interação com o professor.</p>
<p><strong>**O primeiro acesso ao curso deverá ser feito em até 60 dias após a compra. Após o primeiro acesso, as aulas estarão disponíveis por 90 dias.</strong></p>
